 be 4/(-1) + 11 + -10. Let v(n) = 33*n - 15. Let c(r) = -2*r + 1. Let g(i) = -30*c(i) - 2*v(i). Calculate g(x).
18
Let i(q) be the third derivative of q**4/4 - q**3/3 - 64*q**2 - q. Determine i(1).
4
Let n(u) = 7*u. Let p(s) = -s + 18. Let b be p(14). Suppose -49 = b*y - 53. Calculate n(y).
7
Let y(j) = -3 + 0*j + 2*j + 1. Let r = -204 + 208. Calculate y(r).
6
Suppose 2*q = -s + 6, 3*q = 2*q + s. Let d(y) = 3*y**2 - 3*y**3 - 2 + 0 - y**3 + q*y**3 + 3*y. Calculate d(3).
-20
Let w(u) = 2*u**2 + 18*u + 7. Let l(i) = i**2 + 13*i + 5. Let s(m) = -7*l(m) + 5*w(m). Calculate s(1).
2
Let q(t) = 33*t + 14. Let n(p) = -67*p - 30. Let z(y) = -6*n(y) - 13*q(y). Calculate z(-1).
25
Let c(w) = -6*w + 3*w**3 + 6*w**2 + w**3 - 4*w**3 - w**3. Let g = -56 + 61. Let m be c(g). Let v(f) = f**3 + 5*f**2 + 4. Calculate v(m).
4
Let v be (-65)/20 - 12/16. Let q(d) = 5*d + 0*d - 8*d - 6 - 2*d. Calculate q(v).
14
Let l(w) = -3 - 4 + 6 + w. Let x(u) = 2*u - 4. Let k(a) = -3*l(a) + x(a). Let d be k(-2). Let p(b) = 5*b**2 - b. What is p(d)?
4
Let z be -1 - 32/(-12)*3. Let q(b) = -z + 13 - b + 4. Determine q(6).
4
Suppose -k = -4*a - 10, -2*a - 3 = 3. Let w(o) = 7*o**3 + 5*o + 5. Let h(z) = -z**3 - z - 1. Let i(b) = 6*h(b) + w(b). Calculate i(k).
-7
Let n(j) = j**2 - 16*j + 27. Let h be n(14). Suppose 3*l + 2*l - 15 = 0. Let b(t) = 0 - 4 + l + 5*t. Give b(h).
-6
Let t(r) = 4*r**3 + 2*r**2 + 2*r + 1. Suppose 3*x - 2*b - 2 = 0, 0 = -b - 0 - 1. Suppose -2*k + k - 1 = x. Determine t(k).
-3
Let u(z) be the second derivative of -z**5/20 + 3*z**4/4 - z**3/3 + 11*z**2/2 - 5*z - 1. Calculate u(9).
-7
Let q(k) = k**2 + 3*k. Let h(i) = -i**2 + 2*i + 5. Let c be h(3). Suppose 0 = 7*r - c*r - 10. Suppose 2*b - 4*v = 17 - 5, r*b + 8 = -v. Determine q(b).
-2
Let f(h) = -7*h + 1. Suppose -b - 13 = 4*a, -6*b - 3*a - 39 = -2*b. Let w be (-2)/b + (-70)/(-90). Suppose 4*g = -8, -w + 7 = -4*n - 5*g. What is f(n)?
-6
Let a(z) = -10*z + 1 - 2 + 31*z + 3 - 20*z. Calculate a(-6).
-4
Let y(q) = -1 - 5 + 3 - q + 4. Let w(u) = u**2 - u - 6. Let j(k) = w(k) + y(k). Let f(l) = -l + 8. Let b be f(4). Give j(b).
3
Let h(n) = -n + 6. Let y be h(3). Let g(i) be the third derivative of -i**4/24 + 7*i**3/6 - 2*i**2. Calculate g(y).
4
Let g(l) be the third derivative of -l**5/30 - l**4/12 + l**3/6 - 2*l**2. Let z(p) be the first derivative of g(p). Let m be (-3 - (-5 + -1))*(-3)/3. Give z(m).
10
Let v(j) = -2*j**3 - 11*j**2 - 13*j + 6. Let i(l) = l**3 + 2*l**2 + 2*l. Let d(t) = 3*i(t) + v(t). What is d(6)?
0
Let v(l) be the first derivative of 8*l - 2 + 1/2*l**2. Determine v(-4).
4
Let v(p) be the second derivative of -p**4/12 + 7*p**3/6 + 3*p**2 + 2*p. Let u be 288/42 - 12/(-84). Determine v(u).
6
Let b be 0*((-1)/(-2) - 1). Suppose b*h + 1 = h. Let o(t) = -t + 2 - h - 1. Determine o(2).
-2
Let a be 6 + 4*(-1)/2. Suppose -a*v = -9*v + 10. Let t(b) = -1 + 6*b**2 + 8*b**2 - 5*b**3 - 15*b**2 + v*b. Determine t(1).
-5
Let b = -2 - -6. Let c(m) be the first derivative of -1/2*m**2 - 2 + 0*m. Give c(b).
-4
Suppose -5 = -2*j + 1. Let v = 9 - j. Let d(w) = v*w + w**2 - 11 - 4 + 10. What is d(-6)?
-5
Let v(i) = i**2 - 10*i + 12. Let m be v(9). Let z(j) = 12*j**2 - 28*j - 8. Let n(h) = -10*h**2 + 23*h + 7. Let q(r) = 5*n(r) + 4*z(r). Calculate q(m).
-6
Suppose -w + 0 = -3. Let u(b) be the second derivative of -2*b**3/3 + b**2 + 15*b - 9. What is u(w)?
-10
Let i(c) = -c**3 + 3*c**2 - 4 + 5*c**2 - 3*c**2 + 1 + 8*c. Let d(j) = -j - 2. Suppose 2*s = -2*s - 32. Let n be d(s). Determine i(n).
9
Let h(u) = u**2 - 30*u + 123. Let n be h(5). Let k(x) = x**3 + 3*x**2 + 2*x + 4. Calculate k(n).
4
Let c(j) = -j**2 + 16*j - 8. Suppose -2*y = -0*y + u - 28, -4*y = -5*u - 84. Calculate c(y).
-8
Let h be (-2)/(-3) - 40/(-3). Let t = 20 - h. Let y(q) = -3 - q**2 + 4 + 2*q**2 + 11*q - t*q. Determine y(-4).
-3
Let t(g) = -3*g**2 + 23*g + 28. Let x(n) = -n**2 + 8*n + 9. Let p(d) = -2*t(d) + 7*x(d). Give p(5).
32
Let y(h) = -1 - 15*h**2 + 5 - 23*h + 4*h. Let q(k) = -22 + 26 + 0 + 0 - 6 + 7*k**2 + 9*k. Let x(n) = -13*q(n) - 6*y(n). Give x(-6).
-16
Suppose -3*f - 15 = 3*j, -3 = -2*j + 3*f + 7. Let z(u) be the third derivative of 0 - 1/6*u**3 + 0*u + 1/6*u**4 + 7*u**2. Calculate z(j).
-5
Let f(m) = m**3 - 16*m**2 - 17*m + 3. Let o be f(17). Let k(i) = i**2 + i - 3. What is k(o)?
9
Let a(s) = -2*s**2 - 5*s + 12. Let x(u) = 4*u**2 + 12*u - 25. Let r(t) = 13*a(t) + 6*x(t). Give r(6).
-24
Let g(k) be the first derivative of 3*k**2 + k + 106. What is g(-3)?
-17
Let p(t) be the third derivative of t**6/120 - 3*t**5/10 + 19*t**4/24 - 4*t**3 + 413*t**2 + 1. Give p(17).
10
Let c(w) = -4*w**2 + 2*w + 2. Suppose 3*j + 3 = 6, 5*v - 2*j = -47. Let b be (v - -11) + (-2 - -2). Calculate c(b).
-10
Let d(n) = n**2 - 4*n - 4. Let x(c) = -3501*c**2 - 23 + 59 - 28*c + 3499*c**2. Let q be x(-15). Calculate d(q).
8
Let n(o) be the first derivative of -o**3/3 + o**2/2 + 2. Let y(q) = -4*q**2 + 4*q - 3. Let x(c) = 5*n(c) - y(c). Determine x(3).
-3
Let n(k) = -13*k**2. Let r(s) = 5*s**2 + 1. Let d(c) = -2*n(c) - 5*r(c). Let l be -1 + -2 + 2 + 1. Calculate d(l).
-5
Let j(h) = h. Let x(f) = 3*f + 4. Let q(m) = -4*j(m) + x(m). Suppose -4*u = 4*c + 12, -4*c - 13 = 3. Let r(w) = 6*w. Let a be r(u). Give q(a).
-2
Let w(o) be the third derivative of -o**5/60 + 7*o**4/24 - 3*o**3/2 + 17*o**2 + 1. Determine w(6).
-3
Let q(v) = 10*v + 0*v - 104*v**2 + 101*v**2 + 10. Let n(c) = -c**2 + 3*c + 3. Suppose -s + 1 = 3. Let k(i) = s*q(i) + 7*n(i). Determine k(0).
1
Suppose -4*m + 3 = -5*m. Let q(z) = -1641 + z + 0*z - 5*z + 1643. Calculate q(m).
14
Let j(m) = 4*m**2 + 2*m - 4. Let s = -424 + 427. Determine j(s).
38
Let r(l) = -2*l**2 + 7*l. Let v be (70/(-25))/((-14)/35). Determine r(v).
-49
Let j(b) = b**3 - 4*b**2 - b - 12. Let i(p) = -5*p**3 + 15*p**2 + 4*p + 48. Let k(x) = -2*i(x) - 9*j(x). Determine k(-6).
6
Let i(x) = 6*x**3 - x**2 - 2*x - 1. Let v(q) = 7*q - 2*q - 3*q - 12 + 0*q. Let o be v(8). Suppose -3*s - o = s. Determine i(s).
-6
Let y(i) = 683 - 221 - 239 - 2*i - 226. Let p(o) = -3*o**2 + o - 1. Let v be p(1). Give y(v).
3
Let y(r) = -r**3 + 5*r**2 - 17. Let z(s) = 4*s**3 - 17*s**2 + 53. Let n(t) = 7*y(t) + 2*z(t). Give n(0).
-13
Let m(z) = 10*z - 20. Let w = 1485 + -1482. What is m(w)?
10
Let l be 110/40 - 2/(-8). Suppose -l*o = 28 - 34. Let n(h) be the first derivative of -h**4/4 + h**2/2 - h + 2. Determine n(o).
-7
Let q(m) be the third derivative of -1/2*m**3 + 1/8*m**4 - 1/30*m**5 + 12*m**2 + 0*m + 0. Give q(2).
-5
Let w be ((-80)/(-25))/((-2)/10). Let d be (-116)/20 + w/(-20). Let t(g) = g - 4. What is t(d)?
-9
Suppose 11 = x + 3*o, -4*x - 13 = -4*o + 23. Let m(l) = -3*l**2 - 3*l - 3. Let y(z) = -8*z**2 - 10*z - 8. Let r(a) = x*y(a) + 11*m(a). Calculate r(5).
9
Let p(s) = -2*s**2 + 11*s + 1. Let x(i) = -i**2 + 5*i + 1. Let k(d) = -2*p(d) + 5*x(d). Determine k(4).
-1
Suppose 0 = -14*c + c - 52. Let d(f) = 3*f**3 + 18*f**2 + 4*f - 1. Let g(r) = r**3 + 6*r**2 + r. Let b = 5 - 1. Let p(w) = b*d(w) - 11*g(w). Calculate p(c).
8
Let b(t) be the third derivative of t**5/60 + t**4/24 + t**2. What is b(0)?
0
Let f be 0/(4/(-2) + 0). Let l(j) = -3*j - 10. Let a be l(2). Let c be (f/1)/(a/8). Let m(q) = -q**2 + 9. Give m(c).
9
Let y = -220 + 211. Let b(p) = -3*p - 5. Calculate b(y).
22
Let u(f) = f**3 - 11*f**2 + 13*f - 14. Let s(a) = a. Let d(y) = 2*s(y) - u(y). Let q be d(10). Let n(h) = h**2 - 4*h + 1. Calculate n(q).
1
Let l(c) = 7*c**2 + 13*c + 3. Let d(a) = 2*a**2 + 2*a - 1. Let b(s) = -3*d(s) + l(s). Calculate b(-3).
-6
Let y be (0 + 8/24)/1. Let p(c) be the third derivative of -1/24*c**4 - y*c**3 - 11*c**2 + 0*c + 0. What is p(-2)?
0
Let i(c) = -c**2 + 4*c + 4. Suppose 0*l = 4*l + 140. Let x = 39 + l. Calculate i(x).
4
Let k(t) = 3*t**2 - 2*t + 1. Let c(f) = 5*f + 17. Suppose 0 = 5*n + 14 + 1. Let d be c(n). Give k(d).
9
Let l(u) be the first derivative of -u**6/360 - u**5/30 - 5*u**4/24 - 11*u**3/3 + u**2 - 40. Let c(q) be the third derivative of l(q). Determine c(-4).
-5
Let a(r) = r**2 + r - 1. Let c(d) = d**2 + d - 1. Let i(m) = 5*a(m) - 4*c(m). Let o(y) = -5*y**2 - 8*y + 8. Let l(q) = -6*i(q) - o(q). Calculate l(3).
-5
Let z(v) = -954*v + 1907*v - 955*v - 34. Give z(-20).
6
Suppose -5*j - 5*q + 25 = 0, 0 = 4*q + 2 + 10. Let z(r) = 7*r**3 - 3*r**2 + 8*r - 6. 